+ 3*k. Let z(u) = 2530*u + 45. Let d be z(-1). Let i = p + d. Is i a prime number?
True
Let h = 407979 + -214010. Is h a composite number?
True
Suppose 10*o = 8*o + 18. Suppose -3*k = 5*j - 1042, 629 = 3*j - o*k + 7*k. Is j a prime number?
False
Let x(r) = r - 16. Let o be x(13). Let b be (6 - o)*1/(-1). Is (b/27)/(1/(-5685)) prime?
False
Let c be 1 - (-3 + -1188)/1. Let y be 7 - 17/(85/20). Suppose c = y*v - 4475. Is v composite?
False
Is 4573164/(-16)*48/(-27)*21/28 a prime number?
True
Let o = 733771 + -123354. Is o composite?
False
Suppose 7*b + 662 = 6*b. Let x be (-3 - (-1 + -3))*1 - b. Suppose x = 11*m + 80. Is m a composite number?
False
Let b be (90/(-75))/((-6)/680). Suppose b*k + 30615 = 151*k. Is k prime?
False
Let b = 808 - -59. Suppose r + 1472 = -r. Let p = b - r. Is p prime?
False
Suppose -6 = -2*p, -2*p - 1 + 5 = -g. Let a(z) = -7 + 918*z - 11 + 16 - 5. Is a(g) a composite number?
True
Let z(p) = p - 8. Let g be z(6). Let x(j) = 41*j**2 + 195*j**2 - 2 - 1 - 6*j. Is x(g) a composite number?
False
Suppose 2*l - 5*i = l - 17, 2*i - 8 = 0. Suppose -2*t = l*t - 2955. Suppose y - 5*y - k = -475, t = 5*y + 4*k. Is y composite?
True
Suppose -l + 135094 = -5*j, 5*l + 74*j - 77*j = 675580. Is l prime?
True
Is (-6334956)/(-270)*(-5)/(-2) prime?
True
Let g(u) be the second derivative of -7*u**5/20 + 37*u**4/24 - 11*u**3/6 - 17*u. Let p(z) be the second derivative of g(z). Is p(-17) a composite number?
False
Let w = -23864 - -64187. Is w a composite number?
True
Suppose -5*m = d - 590164, -372961 + 136900 = -2*m - 5*d. Is m a prime number?
True
Let z(t) = -49*t**3 + 6*t**2 - 22*t - 102. Is z(-11) composite?
True
Suppose -2*m - 2*o = 3*o + 3, -2*m + 1 = o. Let s be (3 - m) + (-5)/5. Is (s - 226/4)*(-456)/36 prime?
False
Let t be (-6)/84*-64 - 4/7. Suppose 0 = -p + h + 7405, t*p - 4*h + 2*h = 29616. Is p a prime number?
False
Suppose 4*h = -4*z + 636 + 3584, 0 = -h + 5*z + 1055. Is h a composite number?
True
Let q(y) be the first derivative of 4*y**3/3 - 46*y**2 + 67*y + 50. Is q(30) a prime number?
True
Suppose -312 + 438 = -9*c. Let a(n) = -841*n - 115. Is a(c) composite?
True
Let h(k) = 4*k**3 - 30*k**2 + 64*k + 121. Is h(24) a prime number?
False
Let h be (225323/28)/(2/8). Suppose -7734 - h = -13*n. Is n composite?
True
Let q = 882917 - 156168. Is q composite?
True
Suppose 3*u + 5*i - 3590 = 0, u - 3*i - 1178 = -0*u. Suppose -6*s - u - 76 = 0. Let x = 368 + s. Is x composite?
False
Let f(d) = -6*d + 16. Let v be f(2). Suppose v*j - 82805 = 9591. Is j a prime number?
True
Suppose 0 = 4*f - 362 - 330. Let n(y) = 13 + 22 - 174*y**3 + 15*y**2 + f*y**3 + 19*y. Is n(16) a composite number?
False
Suppose -4*l + 1770899 = -5*v, 0 = 3*l + 2*v - 278354 - 1049803. Is l prime?
True
Suppose 15 = -39*r + 44*r. Suppose 3*i - 1383 + 135 = g, -r*g + 1651 = 4*i. Is i a prime number?
False
Let p(g) = 4*g**2 - 8*g + 11. Let u be p(8). Let x be 11 - 6 - -1*3. Suppose -9*r = -x*r - u. Is r prime?
False
Let k(p) = 2*p**2 + 11*p + 9. Let q be k(-7). Suppose q*o + 12 = 33*o. Suppose 5*h - h - 988 = -4*a, -2*a = o*h - 996. Is h prime?
True
Let g(s) = -4*s + 60. Let i be g(6). Suppose 422 = i*w - 38*w. Is (w + 0)/((-15)/195) a composite number?
True
Let v = 174756 + -65557. Is v prime?
True
Is (7931244/(-8))/(4 - (-121)/(-22)) a composite number?
True
Is (28983/2 - 0)*(-26)/(-3) a prime number?
False
Is 5 - ((-285812)/8)/(1/2) composite?
True
Let t = -137 - -147. Let s = t + 1141. Is s a prime number?
True
Let r = -373 + 691. Suppose -5*k + 15244 = -k. Let v = k - r. Is v prime?
False
Suppose 198*s = 25694361 - 3595383. Is s composite?
False
Let y(c) = 11 + 2*c - 6 - c - 3*c + 475*c**2. Is y(2) composite?
False
Let b(a) = a**3 + 40*a**2 + 41*a + 60. Let t be b(-34). Suppose -7*w + 3*w = 3*n - t, 0 = -4*w + 5*n + 5586. Is w a prime number?
True
Suppose 29898 = 2*b - 83584. Is b prime?
False
Suppose -8*u = 171 - 1979. Is (-3 + (-104)/(-16))/(1/u) composite?
True
Let i = 3010 + -1193. Is i a prime number?
False
Let a be -28*388/(7 + -3). Is (45/90)/((-2)/a) prime?
False
Suppose 113530 = g - 37297. Is g composite?
False
Let j(s) = -1327*s + 4958. Is j(-140) a prime number?
False
Let p(o) = 71*o + 386. Let i be p(12). Let q = i + -739. Is q composite?
False
Suppose -4*j + 0*j + 2560 = -2*w, 0 = 2*j + 4*w - 1300. Let a = -2179 - -3090. Let k = j + a. Is k a prime number?
True
Suppose -7*y + 4*y = -2*y - 126239. Is y composite?
True
Let a = 594 - 596. Is (-2 - (-7594)/10)/(a/(-10)) a composite number?
True
Let g(a) = a**2 + 20*a + 111. Let q be g(-10). Suppose -q*b = -7*b - 11668. Is b prime?
True
Let p(t) = -2*t**3 - 9*t**2 + 3*t - 6. Let x be p(-5). Suppose x*b - 16941 = 5*a, -4*a + 4791 = b + 582. Is b composite?
False
Suppose 2*p + 1210207 = s, -2*s - 740*p + 735*p = -2420351. Is s a prime number?
True
Let i(g) = -18*g - 19. Let z be -3 + 33/9 + (-51)/9. Let h be i(z). Suppose 0 = 68*n - h*n + 129. Is n composite?
False
Suppose 33*v + 21618 = 36*v. Suppose 0 = -17*u + 23*u - v. Is u a composite number?
False
Let v be -3*(-5 + 16/(-6)). Suppose 8149 = -v*d + 351378. Is d a prime number?
True
Let z = 414850 + 8295. Is z a composite number?
True
Suppose -2*q = -5*w - 37 - 18, -4*w - 56 = -4*q. Is (-11 + (w - -3))*-281 a prime number?
False
Suppose 4*z + 7*d - 8*d = 19, -4*d + 4 = 4*z. Let m(a) = 23*a**2 + 4*a - 2. Is m(z) composite?
True
Let a(o) = -49*o - 1566. Let u be a(-32). Suppose 4*m - m - 9 = 0. Is 373*(u + -2 - m/(-3)) a composite number?
False
Let p = -568 + 951. Suppose 4*v - p = 1485. Is v prime?
True
Let q(o) = 1195*o + 14. Let j be q(21). Let n = 37902 - j. Is n a composite number?
True
Suppose 3*f = -6, -2*b - 5*f = -21 - 1. Suppose 0 = 17*a + b*a - 551859. Is a a prime number?
False
Let a(v) = 5*v**3 + 17*v**2 + 18*v + 195. Is a(24) a composite number?
True
Let z be 1 - 1 - 19/(76/(-8)). Let b be (0/1)/(-11 + 13). Suppose z*n - 1805 = 5*c, b = n - 4*c - 13 - 894. Is n a composite number?
True
Let z be -1*(82 - 3) + (-4 - -2). Let g = 109 + z. Let l(k) = k**3 - 27*k**2 - 3*k - 41. Is l(g) composite?
False
Suppose 3*j - 65 = -4*m + 19, 4*m = 2*j - 36. Is (-631)/3*(1 + j/(-6)) a prime number?
True
Let k be (-2 - -1 - 3)/((-128)/288). Suppose 13*m = k*m + 197724. Is m a prime number?
False
Let f(r) = 6*r**2 - 6*r + 367. Is f(-23) prime?
False
Suppose -2*n + 2*n = -n. Suppose d + 0*d + 23 = -5*s, n = -4*d + 5*s + 33. Let i(b) = 93*b**3 - 5*b + 5. Is i(d) a prime number?
True
Suppose -i + 3*o + 1059 = 0, i - 5*o = -3*i + 4271. Suppose -12*t + 6*t + i = 0. Is t a prime number?
True
Suppose -437*j + 415*j = -642290. Is j a prime number?
False
Suppose -171510 = -4*a + 2*d - 56896, -5*a + 5*d = -143255. Suppose -5*n - n = -a. Let y = n + -2965. Is y prime?
True
Let s = -16698 - -8393. Is -3*(s - (-5 - 3)) composite?
True
Let s = 22153 + 146698. Is s prime?
True
Let g = 40 - 23. Suppose -g*z + 8*z = -63459. Is z composite?
True
Suppose -a - 2*f + 14461 = 0, 0*a - 2*f = 2*a - 28914. Is a composite?
True
Suppose 0 = h + 6 - 19. Suppose l - h = -3*s, 5*s + 10 = 2*l + 28. Is 248 + s*(-3)/(-4) a prime number?
True
Let c(a) = -113*a + 3. Let i be c(-7). Let k = i - -99. Is k prime?
False
Let l = -12138 - -18747. Suppose -3*g + 6*g = l. Is g a prime number?
True
Let a(y) = -y**2 - 13*y + 12. Let b be a(-13). Let c(m) = 36*m**3 - 20*m**2 + 14*m**3 + b*m - 1 + 14*m**2. Is c(5) composite?
True
Is (162 - 162) + 1 + 10686 a prime number?
True
Suppose 155936 = 2*k + 9*d - 7*d, 311873 = 4*k + 3*d. Is k a prime number?
True
Let f = 53 + -21. Let b = -30 + f. Suppose 406 = b*y + m, -3*m = y + m - 203. Is y prime?
False
Suppose 4*c = -16, 0 = 2*a + 11*c - 10*c - 22242. Suppose -3*y + 6 = 0, -a - 7206 = -3*b - y. Is b composite?
True
Let x = -16 - -19. Let j(y) be the third derivative of 7*y**4 - 37*y**3/6 + 46*y**2 - 3*y. Is j(x) prime?
True
Suppose -99*p = 203*p - 51548078. Is p prime?
True
Let g = -1285 + 2652. Suppose 29*i - g = 28*i. Is i a prime number?
True
Let k be 5/(45/(-2)) - 6838/9. Let j = -537 - k. Is j a composite number?
False
Suppose -383*d + 387*d = 10588. Is d prime?
True
Suppose -24*y + 25*y = -454920. Let i be ((-1)/(-2))/(10/y). Is (-2)/4 - i/12 a prime number?
False
Let r(s) = 144*s**2 + 7*s + 37. Let a be r(9). Suppose 6460 = 3*w - 3*v - 2363, -5*v = 4*